{"id":6,"date":"2017-05-16T12:06:09","date_gmt":"2017-05-16T10:06:09","guid":{"rendered":"https:\/\/www.zoo-project.com\/hommage\/?page_id=6"},"modified":"2020-11-13T10:17:13","modified_gmt":"2020-11-13T09:17:13","slug":"hommage","status":"publish","type":"page","link":"https:\/\/www.zoo-project.com\/hommage\/","title":{"rendered":"Hommage"},"content":{"rendered":"<p><a class=\"btn\" href=\"https:\/\/vimeo.com\/220286227\" data-fancybox=\"video\">Revoir la vid\u00e9o<\/a> <a class=\"btn\" href=\"https:\/\/www.facebook.com\/Zoo-Project-Hommage-309256589529988\/\" target=\"_blank\" rel=\"noopener noreferrer\">Suivre sur Facebook<\/a> <a class=\"btn gold\" href=\"https:\/\/www.zoo-project.com\/hommage\/edition\/\" target=\"_blank\" rel=\"noopener noreferrer\">Demande de Coffret<\/a><\/p>\n<p>Connu sous le nom de Zoo Project, Bilal Berreni, dessinateur et street artiste, est mort en juillet 2013 \u00e0 l\u2019\u00e2ge de 23 ans. Bilal \u00e9tait une personne engag\u00e9e et passionn\u00e9e. Il voyait les choses en grand, sans se donner de limites, et pour lui la d\u00e9marche avec laquelle il menait ses projets, de fa\u00e7on int\u00e8gre et libre, \u00e9tait tout aussi d\u00e9terminante que le r\u00e9sultat.<\/p>\n<p>\u00c9dition, film, accrochages : par souci de coh\u00e9rence, et parce que nous partageons cette vision des choses, l&rsquo;hommage qui a d\u00e9marr\u00e9 au printemps 2018 a \u00e9t\u00e9 r\u00e9alis\u00e9 b\u00e9n\u00e9volement et de mani\u00e8re totalement ind\u00e9pendante, sans autre consid\u00e9ration que celle d\u2019\u00eatre fid\u00e8le \u00e0 la d\u00e9mesure de Zoo Project.<\/p>\n<p>Depuis le mois de mars 2018, de nombreuses projections du film <em>C\u2019est assez bien d\u2019\u00eatre fou<\/em> ont eu lieu \u00e0 travers la France et un coffret de neuf livres visible sur ce site circule dans les m\u00e9diath\u00e8ques depuis le printemps 2019.<\/p>\n<p>Cet hommage, port\u00e9 par ses proches, a pour ambition\u00a0de mettre en lumi\u00e8re autant le travail que la personnalit\u00e9 de Bilal (Zoo Project) et de faire ainsi perdurer son esprit de libert\u00e9 et de cr\u00e9ativit\u00e9.\u00a0En esp\u00e9rant que son travail et son exp\u00e9rience donnent envie \u00e0 d\u2019autres de se lancer dans leur aventure propre, comme lui, sans compromission, sans m\u00e9nagement.<\/p>\n<p>Merci \u00e0 tous ceux qui nous ont aid\u00e9s et nous aiderons encore\u00a0\u00e0 faire de cet hommage un jaillissement cr\u00e9atif, furieusement grisant, furieusement vivant.<\/p>\n<p><a class=\"btn\" data-fancybox=\"\" data-src=\"#don\">DONATION<\/a>\u00a0 <a class=\"btn\" href=\"https:\/\/www.zoo-project.com\/hommage\/presse\/\" target=\"_blank\" rel=\"noopener noreferrer\">Presse<\/a><\/p>\n","protected":false},"excerpt":{"rendered":"<p>Revoir la vid\u00e9o Suivre sur Facebook Demande de Coffret Connu sous le nom de Zoo Project, Bilal Berreni, dessinateur et street artiste, est mort en juillet 2013 \u00e0 l\u2019\u00e2ge de 23 ans. Bilal \u00e9tait une personne engag\u00e9e et passionn\u00e9e. Il voyait les choses en grand, sans se donner de limites, et pour lui la d\u00e9marche [&hellip;]<\/p>\n","protected":false},"author":1,"featured_media":0,"parent":0,"menu_order":0,"comment_status":"closed","ping_status":"closed","template":"","meta":{"_acf_changed":false,"_exactmetrics_skip_tracking":false,"_exactmetrics_sitenote_active":false,"_exactmetrics_sitenote_note":"","_exactmetrics_sitenote_category":0,"footnotes":""},"class_list":["post-6","page","type-page","status-publish","hentry"],"acf":[],"_links":{"self":[{"href":"https:\/\/www.zoo-project.com\/hommage\/wp-json\/wp\/v2\/pages\/6","targetHints":{"allow":["GET"]}}],"collection":[{"href":"https:\/\/www.zoo-project.com\/hommage\/wp-json\/wp\/v2\/pages"}],"about":[{"href":"https:\/\/www.zoo-project.com\/hommage\/wp-json\/wp\/v2\/types\/page"}],"author":[{"embeddable":true,"href":"https:\/\/www.zoo-project.com\/hommage\/wp-json\/wp\/v2\/users\/1"}],"replies":[{"embeddable":true,"href":"https:\/\/www.zoo-project.com\/hommage\/wp-json\/wp\/v2\/comments?post=6"}],"version-history":[{"count":114,"href":"https:\/\/www.zoo-project.com\/hommage\/wp-json\/wp\/v2\/pages\/6\/revisions"}],"predecessor-version":[{"id":1129,"href":"https:\/\/www.zoo-project.com\/hommage\/wp-json\/wp\/v2\/pages\/6\/revisions\/1129"}],"wp:attachment":[{"href":"https:\/\/www.zoo-project.com\/hommage\/wp-json\/wp\/v2\/media?parent=6"}],"curies":[{"name":"wp","href":"https:\/\/api.w.org\/{rel}","templated":true}]}}